hat are the prime factors of (36 + -39)/((-3)/1422)?
2, 3, 79
Let k = 10 - 7. Suppose -4*w + 6*x = x - 318, k*w - 4*x = 238. What are the prime factors of w?
2, 41
Let w = -145 - -465. List the prime factors of w.
2, 5
Let g(w) = -2*w - 49 + 52 + w. Let i be g(4). List the prime factors of (-3 + 2 - i) + 32.
2
Let n = 201 - 21. Suppose 4*q = -q + n. What are the prime factors of q?
2, 3
Suppose 8*g - 12*g + 24 = 0. Suppose -g*n + 530 = -n. What are the prime factors of n?
2, 53
List the prime factors of 16 + -10 + (-4704 - -3)/(-3).
11, 13
Let x(q) = q**2 - 13*q + 12. Let k be x(11). Let j = k - -10. Suppose -f - 3 + 14 = j. What are the prime factors of f?
11
Let s(j) = 5*j - 18. Let m(d) = -11*d + 36. Let h(y) = -4*m(y) - 9*s(y). List the prime factors of h(13).
5
List the prime factors of (-4)/22 - (-194054)/77.
2, 3, 5, 7
Let i be (-20)/(-6) + 4/6. Let p = -11 - -11. Suppose 2*r + 0 - i = p. List the prime factors of r.
2
Suppose 0 = 6*m + 671 - 2801. List the prime factors of m.
5, 71
Let h be 6*(-3 + (-134)/(-3)). Suppose 0 = 3*i - 2*q - 147, -q - h = -5*i + 4*q. What are the prime factors of i?
47
Let p = -400 + 651. List the prime factors of p.
251
Let i = -11420 - -16427. List the prime factors of i.
3, 1669
Suppose 2*q = 698 + 148. List the prime factors of q.
3, 47
Let m = 1362 + -708. List the prime factors of m.
2, 3, 109
Let w be (-6)/9*6/(-3)*48. Let l = w - 36. List the prime factors of l.
2, 7
Let m(h) = h**2 + 4*h - 1. Let j(w) = 4*w**2 - 5*w + 2. Let f(i) = 3*i**2 - 5*i + 1. Let r(t) = -3*f(t) + 2*j(t). Let c be r(6). List the prime factors of m(c).
2
Suppose 0 = 41*q - 46*q + 2445. Suppose q = 4*x - 271. List the prime factors of x.
2, 5, 19
Suppose 4*c = -5*s + 1304, 0*s - 1304 = -4*c + s. Let h = c + -215. List the prime factors of h.
3, 37
Suppose 194 = -q + 730. Suppose -4*w - 4*w = -q. What are the prime factors of w?
67
Suppose 2 = 2*b - 6. Suppose -b*q = -q - 9. Suppose -2*w + 65 = q*w. List the prime factors of w.
13
Let m(v) = -26*v**3 - 7*v**2 - 13*v - 4. What are the prime factors of m(-2)?
2, 101
Let f(j) = j + 9. Let p be f(-7). Suppose 0 = 2*r + 2*d - 8, -14 = -p*r - 3*r - 2*d. Let o(u) = 2*u**2 + 3*u - 3. List the prime factors of o(r).
11
Let i = 3529 + -2315. What are the prime factors of i?
2, 607
Suppose 6*a + 133 = 595. List the prime factors of a.
7, 11
Let l(z) = -2*z + 28. Let s be l(7). What are the prime factors of 4/s - 2446/(-14)?
5, 7
Let f = 610 + 307. What are the prime factors of f?
7, 131
Let c(t) = 57*t - 498. List the prime factors of c(36).
2, 3, 7, 37
Let u = 714 - 223. What are the prime factors of u?
491
Suppose 11*c + 4 = 15*c. Let l be (c/2)/(2/8). What are the prime factors of ((-3)/l)/(2/(-36))?
3
Let f be 6 + ((-6)/(-6) - 5). Suppose -5*a + 158 = -4*n, 3*a - 38 = -f*n + 70. List the prime factors of a.
2, 17
Let y be 4*(4 + -1 + -2). List the prime factors of y/(-6) + 12936/72.
179
Let l = 49 - 31. Let x = l + -12. What are the prime factors of (x/15)/(1/15)?
2, 3
Let w = 1040 - -690. What are the prime factors of w?
2, 5, 173
Let w = -199 + 541. List the prime factors of (w/(-21))/(5/(-35)).
2, 3, 19
Let p(g) = 7*g + 191. List the prime factors of p(12).
5, 11
Let z be (-1 - -2)/(1/12). Suppose 10*b = 13*b + z. What are the prime factors of (-2)/b*(-19 - -101)?
41
List the prime factors of 46/4*(-21 - -33).
2, 3, 23
Let c(f) = -594*f**3 + 3*f**2 + 4*f + 2. What are the prime factors of c(-1)?
5, 7, 17
Let g be (-2)/(-8) - (-9)/(-36). Suppose -5*i + 4*p + 481 = p, 3*i - 4*p - 293 = g. What are the prime factors of 6/10*i/1?
3, 19
Suppose -73*h + 76*h = 2298. What are the prime factors of h?
2, 383
What are the prime factors of 1852*(-18)/(-60)*(-5)/(-6)?
463
Suppose -2*v = 4*v - 5196. List the prime factors of v.
2, 433
Suppose 3*l - 816 = -l - y, -5*l + 2*y = -1020. List the prime factors of l.
2, 3, 17
What are the prime factors of 14078/16 + (-12)/(-96)?
2, 5, 11
Let k = 24 + -19. Suppose 0 = 4*j - u - 41, 0*u - 51 = -k*j + u. Suppose -j - 21 = -s. What are the prime factors of s?
31
Let i(m) = 294*m - 47. List the prime factors of i(2).
541
Let t(l) = 6*l**2 - 8*l + 48. What are the prime factors of t(-9)?
2, 3, 101
Let q(b) = b**2 - 7*b - 12. Let z be q(-13). Let t = z - -24. What are the prime factors of t?
2, 17
Let q(f) = 14*f + 25. Let p(l) = l + 1. Let b(i) = p(i) - q(i). What are the prime factors of b(-10)?
2, 53
Let n(q) = -q**2 + 7*q + 2. Let g be n(8). Let t(a) = a**2 + 6*a + 5. Let l be t(g). Suppose p + l = d + 2*p, -19 = -4*d - 5*p. What are the prime factors of d?
2, 3
Let w(z) = 17*z**2 - 10*z - 12. List the prime factors of w(9).
3, 5, 17
Let g(s) = 38*s**2 - 38*s**2 + s**3 + 2*s - 3. What are the prime factors of g(3)?
2, 3, 5
Let v(z) = -2*z**3 - 3*z**2 - 12*z - 20. Let c be v(-3). Suppose 0 = -4*l + 1 + 7. Suppose 0 = -f + c - l. List the prime factors of f.
41
Let s be 9/(-15) - (-672)/(-5). Let x = -77 - s. Suppose -4*p = -f - 114, p = -p + f + x. What are the prime factors of p?
2, 7
Let x(y) = y**3 + 6*y**2 + 2*y - 4. Let g = 2 - -5. Let t be -2 + 3 + 1 - g. What are the prime factors of x(t)?
11
Suppose -2114 = -21*m + 805. Suppose -891 = -142*q + m*q. List the prime factors of q.
3, 11
Let f(m) = -133*m - 177. What are the prime factors of f(-29)?
2, 5, 23
Let o = 157 + -118. Suppose 34*z = o*z - 700. List the prime factors of z.
2, 5, 7
Let z = 49 + -36. Let s = z - 11. What are the prime factors of s?
2
Let g(u) = -112*u - 25. List the prime factors of g(-3).
311
Let r be (-4)/(-16) - (-59)/4. Let j = r - -18. Suppose -c = -27 - j. List the prime factors of c.
2, 3, 5
Suppose -36*v = -41*v + 3150. What are the prime factors of v?
2, 3, 5, 7
Let f = -138 + -30. Let n = 297 + f. What are the prime factors of n?
3, 43
Let k(q) = 15*q - 170. What are the prime factors of k(27)?
5, 47
Let i(o) = 5*o**2 - 6*o + 5. Let w be i(3). Suppose 0 = 37*m - w*m - 505. What are the prime factors of m?
101
Let n be 4 + -1 + (-18 - -15). Suppose n = 4*t - 128 - 132. List the prime factors of t.
5, 13
Let q = 68 + -29. What are the prime factors of q + -4 + (-4 - -5)?
2, 3
Suppose u + 2*u - 2091 = -3*x, 2097 = 3*u - 3*x. List the prime factors of u.
2, 349
Suppose -5*l + 7125 = 2*b, 4*l + 5856 = 4*b - 8352. List the prime factors of b.
3, 5, 79
Let f = 90 - 31. Let g(x) = x**3 + 5*x**2 + 3. Let b be g(-6). Let j = f + b. What are the prime factors of j?
2, 13
Let v(h) = 23*h - 86. What are the prime factors of v(18)?
2, 41
Let u(k) = k**3 - 7*k**2 - 5*k - 8. Let j be (9 + 0)*10/15. Let a = 2 + j. What are the prime factors of u(a)?
2
Suppose -3*j + 6*j - 3*s = 48, 5*s = j - 12. Let z = j + -20. What are the prime factors of (-1)/z + (-82)/(-6)?
2, 7
Suppose 0*m - 2*y - 25 = 3*m, 0 = -5*m - 4*y - 39. Let p = m - -26. What are the prime factors of p?
3, 5
Let n(w) = w**2 - 30*w + 397. List the prime factors of n(52).
23, 67
Let d(h) = 264*h**2 + 1. Let q be d(-1). Suppose -q = -c - 4*c. Suppose w - 6*w - 2*r = -49, -4*w + c = -3*r. List the prime factors of w.
11
Let q = 10 - 7. Suppose n = f - q*f + 12, 2*f - 6 = 2*n. Suppose f*p - 21 = 39. What are the prime factors of p?
2, 3
Suppose 0 = -7*l + 2*l + 2*c + 3735, 0 = -2*c - 10. What are the prime factors of l?
5, 149
Suppose 0*i - 4*i - 378 = -2*h, 0 = -5*h - 2*i + 969. Suppose -2*g - 4*s + 148 = 2*g, s - h = -5*g. What are the prime factors of g?
3, 13
Suppose -2*q - 4*j = -1010, -4*q + 4*j - 2513 = -9*q. List the prime factors of q.
3, 167
Let k(l) = 2*l + 5. Let c be k(10). Suppose 0 = -3*f + 5*g + 15, 0 = 5*f - 5*g - c. Suppose -120 = -7*a + f*a. What are the prime factors of a?
2, 3, 5
Let z(g) = -g. Let c(j) = 3*j + 28. Let x(l) = -c(l) + 2*z(l). What are the prime factors of x(-10)?
2, 11
Suppose -4*s + 11 = -5*f, -3*f + 0*f + 3*s - 9 = 0. Let l be 74/f + -2 - -4. Let a = -39 + l. List the prime factors of a.
37
Let g(a) = a**3 + 8*a**2 + 6*a - 6. Let v be 5*5/(-10)*2. List the prime factors of g(v).
3, 13
Suppose 2*h = -5*k + 15, -h - 2*h = -15. Let i(d) = -2*d - d + d - k. What are the prime factors of i(-8)?
3, 5
Let u(f) = f**2 + 20*f + 18. What are the prime factors of u(-36)?
2, 3, 11
Let n(f) = 6 + 2 + 7 + 2 - f. List the prime factors of n(0).
17
Suppose -8*g + 2596 + 836 = 0. What are the prime fact